{"id":79,"date":"2020-08-18T13:11:30","date_gmt":"2020-08-18T11:11:30","guid":{"rendered":"https:\/\/www.prodat.de\/cms\/?page_id=79"},"modified":"2024-03-09T17:13:42","modified_gmt":"2024-03-09T16:13:42","slug":"gleiswaagen","status":"publish","type":"page","link":"https:\/\/www.prodat.de\/cms\/produkte\/gleiswaagen","title":{"rendered":"Gleiswaagen"},"content":{"rendered":"\n<h4 class=\"wp-block-heading\" id=\"ankerlink_1\">\u00dcberblick<\/h4>\n\n\n\n<p><\/p>\n\n\n\n<p><img decoding=\"async\" src=\"http:\/\/www.prodat.de\/DE\/Produkte\/Gleiswaagen\/-index\/ce_vd1.jpg\" alt=\"PRODAT CE\" width=\"200\" height=\"125\"><\/p>\n\n\n\n<p>PRODAT W\u00e4gesysteme der Baureihe PRODAT CE, eignen sich zur Massebestimmung im Schieneng\u00fcterverkehr und sind den hier geltenden internationalen Genauigkeitsanforderungen (OIML R 106 f\u00fcr die dynamische W\u00e4gung und OIML III, Zulassungen wurden durch einen ausl\u00e4ndischen europ\u00e4ischen Messdienst mehrfach erteilt) angepa\u00dft. PRODAT bietet hierf\u00fcr Anlagen, die in diesem Einsatzgebiet alle Anwendungsf\u00e4lle abdecken.<\/p>\n\n\n\n<p>Der Typ PRODAT CE-VK ist eine statische Waage, zum verwiegen der Schienenfahrzeuge im Stand.<\/p>\n\n\n\n<p>Der Typ PRODAT CE-VD ist eine rein dynamische Schienenfahrzeugwaage, die sich besonders zum schnellen Verwiegen von Zugverb\u00e4nden eignet.<\/p>\n\n\n\n<p>Der Typ PRODAT CE-VSD kombiniert beide Wiegem\u00f6glichkeiten idealer Weise und erlaubt sowohl die Infahrtverwiegung als auch die Wiegung im Stand. H\u00f6chste Genauigkeiten werden dabei sowohl bei festen als auch bei fl\u00fcssigen Stoffen erzielt.<\/p>\n\n\n\n<p>Alle Typen zeichnen sich durch eine \u00e4u\u00dferst robuste Stahlkonstruktion aus, die langj\u00e4hrig im Industrieeinsatz erprobt worden ist. Zus\u00e4tzlich sind diese mit einer hochgenauen, pr\u00e4zisen und innovativen Messelektronik ausger\u00fcstet, die es erm\u00f6glicht, auftretende St\u00f6reinfl\u00fcsse wie z.B. pl\u00f6tzliche Geschwindigkeits\u00e4nderungen des zu wiegenden Zuges auszuschalten\/zu reduzieren und die gesetzlich geforderte Langzeitstabilit\u00e4t und Fehlergrenzen einzuhalten. Optional kann der \u00fcberfahrende Zug auf Radflachstellen analysiert werden.<br>Durch die Kombination verschiedener Br\u00fcckensegmente k\u00f6nnen alle g\u00e4ngigen Waggontypen verwogen werden. Der Wiegevorgang kann standardm\u00e4\u00dfig in beide Richtungen erfolgen und ohne Einschr\u00e4nkung hinsichtlich der Zusammenstellung des Zugverbandes erfolgen.<br>Die verwendete Software zeichnet sich durch Schnittstellenvielfahlt aus. So ist es unproblematisch, die W\u00e4gedaten an vorhandene Systeme zu Erfassung von Betriebsdaten zu \u00fcbergehen oder die Gleiswaagen in die bestehende Informationsinfrastruktur einzubinden.<\/p>\n\n\n\n<h4 class=\"wp-block-heading\" id=\"ankerlink_2\">PRODAT CE-VD<\/h4>\n\n\n\n<p><\/p>\n\n\n\n<p>Der Waagentyp PRODAT CE-VSD ist die optimale L\u00f6sung, wenn es um das Verwiegen kompletter Z\u00fcge, als auch das statische Wiegen einzelner Waggons, mit m\u00f6glichst hoher Genauigkeit geht.<\/p>\n\n\n\n<p>In der Konstruktion sind Stahlbr\u00fccken, innerhalb eines Stahlrahmens, der mit dem Anschlu\u00dfgleis verbunden ist, angebracht. Die auftretenden Lasten werden durch Scherkraftaufnehmer der Firma FLINTEC gemessen. Zum Erfassen der Messergebnisse kommt die Auswerteeinrichtung PRODAT D43-09A zum Einsatz.<\/p>\n\n\n\n<p>Der gesamte W\u00e4geprozess und alle gemessenen Ergebnisse entsprechen dem ISO 9000 Standard und es ist jederzeit m\u00f6glich, die Genauigkeit einer dynamischen Messung durch eine statische Verwiegung zu \u00fcberpr\u00fcfen.<\/p>\n\n\n\n<p>Die Software verf\u00fcgt standardm\u00e4\u00dfig \u00fcber zahlreiche Schnittstellen (z.B. SAP) und l\u00e4sst sich problemlos an bestehende Betriebsdaten- erfassungssysteme anpassen.<\/p>\n\n\n\n<p>Die Waage ermittelt die Daten der Infahrt- W\u00e4gung, gemessen durch die Kraftaufnehmer.Mit diesen Werten lassen sich Radlast, Achslast,das Gewicht einzelner Fahrzeuge und das Gesamtgewicht des Zugverbandes bestimmen. Dar\u00fcber hinaus bietet dieses Messsystem auch noch die M\u00f6glichkeit Richtung, Geschwindigkeit und Wagontyp, sowie Beladungsschwerpunkte zu ermitteln und liefert Auskunft \u00fcber den Verwiegestatus.<\/p>\n\n\n\n<ul><li>Dynamische Messgenauigkeit entsprechend OIML R106<\/li><li>Multi-level, aktiv Blitzschutz<\/li><li>Bestimmung der W\u00e4geabl\u00e4ufe und Gewinnung der W\u00e4geergebnisse entsprechend ISO 9000<\/li><li>Betriebsgeschwindigkeit im Bereich von 0-20 km\/h ohne Einschr\u00e4nkung<\/li><li>Automatische Schienenfahrzeugerkennung<\/li><li>Vorort- und Fernsteuerung m\u00f6glich<\/li><\/ul>\n\n\n\n<h4 class=\"wp-block-heading\" id=\"ankerlink_3\">PRODAT CE-VK<\/h4>\n\n\n\n<p><\/p>\n\n\n\n<p><img decoding=\"async\" src=\"http:\/\/www.prodat.de\/DE\/Produkte\/Gleiswaagen\/-index\/ce_2.jpg\" alt=\"PRODAT CE-VK\" width=\"200\" height=\"150\"><\/p>\n\n\n\n<p>Die Gleiswaagen des Typs PRODAT CE-VK zeichnen sich durch ihre hohe Genauigkeit aus. Sie sind zum statischen Verwiegen konzipiert.Bei diesen Waagen k\u00f6nnen Stahl- und Beton- br\u00fccken in einem speziellen Stahlrahmen eingebaut werden. Als Pr\u00e4zisionskraftaufnehmer werden Scherkraftsensoren des Typs SB2, RC1 oder C16 eingesetzt. Als Anzeigeeinrichtung kommt das Modul IQ810 zum Einsatz. Es bietet eine F\u00fclle von Funktionen. So l\u00e4\u00dft sich das Gewicht der einzelnen Wiegesektionen und das Gesamtgewicht ermitteln, es bietet Netzwerkanschluss und sammelt Messdaten. Kalibrierparameter sind bequem per Men\u00fc oder Steuerungsdatei verwaltbar. Die Gleiswaage PRODAT CE-VK ist mit einem aktiven Blitz- und \u00dcberspannungsschutz ausgestattet.Die eigentlich Besonderheit der Waage ist aber ihre Konstruktion. Dadurch wird kein besonderes Fundament ben\u00f6tigt und der Einbau kann auf einem Schotterbett wie bei einer normalen Schiene erfolgen.Me\u00dfstrecke von bis zu 6 m.<\/p>\n\n\n\n<p>Die Last auf den Schienenbr\u00fccken der PRODAT CE-VK Gleiswaage wird durch Pr\u00e4zisionskraft- aufnehmer ermittelt, die jeweils an den Enden der Schienenbr\u00fccken angebracht sind. Durch den besonderen Stahlrahmen werden St\u00f6rgr\u00f6\u00dfen, wie sie bei anderen Waagen z.B. durch das Gleis selber verursacht werden, eliminiert.<\/p>\n\n\n\n<ul><li>Hohe Wiegegenauigkeit<\/li><li>Lieferung komplett montiert und getestet<\/li><li>Vor-Ort Montage erfolgt innerhalb weniger Stunden<\/li><li>Keine Entw\u00e4sserung notwendig<\/li><li>Flache Konstruktion die vom Boden zug\u00e4nglich ist<\/li><li>Aktiver Blitzschutz<\/li><li>Hohe Zuverl\u00e4ssigkeit<\/li><li>Geringe Wartungskosten<\/li><li>Einfacher Standortwechsel m\u00f6glich<\/li><li>Einfach aufr\u00fcstbar (zum dynamischen Wiegen)<\/li><\/ul>\n\n\n\n<h4 class=\"wp-block-heading\" id=\"ankerlink_4\">PRODAT CE-VSD<\/h4>\n\n\n\n<p><\/p>\n\n\n\n<p><img decoding=\"async\" src=\"http:\/\/www.prodat.de\/DE\/Produkte\/Gleiswaagen\/-index\/ce_1.jpg\" alt=\"PRODAT CE-VSD\" width=\"200\" height=\"137\"><\/p>\n\n\n\n<p>Der Waagentyp PRODAT CE-VSD ist die optimale L\u00f6sung, wenn es um das Verwiegen kompletter Z\u00fcge, als auch das statische Wiegen einzelner Waggons, mit m\u00f6glichst hoher Genauigkeit geht.<\/p>\n\n\n\n<p>In der Konstruktion sind Stahlbr\u00fccken, innerhalb eines Stahlrahmens, der mit dem Anschlu\u00dfgleis verbunden ist, angebracht. Die auftretenden Lasten werden durch Scherkraftaufnehmer der Firma FLINTEC gemessen. Zum Erfassen der Messergebnisse kommt die Auswerteeinrichtung PRODAT D43-09A zum Einsatz.<\/p>\n\n\n\n<p>Der gesamte W\u00e4geprozess und alle gemessenen Ergebnisse entsprechen dem ISO 9000 Standard und es ist jederzeit m\u00f6glich, die Genauigkeit einer dynamischen Messung durch eine statische Verwiegung zu \u00fcberpr\u00fcfen.<\/p>\n\n\n\n<p>Die Software verf\u00fcgt standardm\u00e4\u00dfig \u00fcber zahlreiche Schnittstellen (z.B. SAP) und l\u00e4sst sich problemlos an bestehende Betriebsdaten- erfassungssysteme anpassen.<\/p>\n\n\n\n<p>Die PRODAT CE-VSD W\u00e4geelektronik erfasst die Signale der Kraftaufnehmer und erm\u00f6glicht es, die Last eines Rades, einer Achse, eines Wagons und des gesamten Zuges w\u00e4hrend der \u00dcberfahrt zu ermitteln. Hinzu kommen die Bestimmung der Fahrtrichtung, der Fahrgeschwindigkeit und des Wagentyps, sowie des Status der W\u00e4gung.<\/p>\n\n\n\n<ul><li>Hohe W\u00e4gegenauigkeit<\/li><li>Flache Konstruktion, alle Waagenteile sind einfach erreichbar<\/li><li>Aktiver Blitzschutz<\/li><li>Geringe Investitionskosten<\/li><li>Hohe Zuverl\u00e4ssigkeit<\/li><li>Hohe W\u00e4gegeschwindigkeit von 0-20 km\/h ohne Einschr\u00e4nkungen<\/li><li>Geringe Wartungskosten<\/li><li>Einfach zu Versetzen<\/li><li>Automatische Fahrzeugerkennungfernsteuerbar durch PRODAT FR-DIN SW<\/li><\/ul>\n\n\n\n<p><\/p>\n","protected":false},"excerpt":{"rendered":"<p>\u00dcberblick PRODAT W\u00e4gesysteme der Baureihe PRODAT CE, eignen sich zur Massebestimmung im Schieneng\u00fcterverkehr und sind den hier geltenden internationalen Genauigkeitsanforderungen (OIML R 106 f\u00fcr die dynamische W\u00e4gung und OIML III, Zulassungen wurden durch einen ausl\u00e4ndischen europ\u00e4ischen Messdienst mehrfach erteilt) angepa\u00dft. PRODAT bietet hierf\u00fcr Anlagen, die in diesem Einsatzgebiet alle Anwendungsf\u00e4lle abdecken. Der Typ PRODAT CE-VK [&hellip;]<\/p>\n","protected":false},"author":2,"featured_media":0,"parent":2796,"menu_order":60,"comment_status":"closed","ping_status":"closed","template":"","meta":{"footnotes":""},"yoast_head":"<!-- This site is optimized with the Yoast SEO plugin v22.2 - https:\/\/yoast.com\/wordpress\/plugins\/seo\/ -->\n<title>Gleiswaagen - PRODAT<\/title>\n<meta name=\"robots\" content=\"index, follow, max-snippet:-1, max-image-preview:large, max-video-preview:-1\" \/>\n<link rel=\"canonical\" href=\"https:\/\/www.prodat.de\/cms\/produkte\/gleiswaagen\" \/>\n<meta property=\"og:locale\" content=\"en_US\" \/>\n<meta property=\"og:type\" content=\"article\" \/>\n<meta property=\"og:title\" content=\"Gleiswaagen - PRODAT\" \/>\n<meta property=\"og:description\" content=\"\u00dcberblick PRODAT W\u00e4gesysteme der Baureihe PRODAT CE, eignen sich zur Massebestimmung im Schieneng\u00fcterverkehr und sind den hier geltenden internationalen Genauigkeitsanforderungen (OIML R 106 f\u00fcr die dynamische W\u00e4gung und OIML III, Zulassungen wurden durch einen ausl\u00e4ndischen europ\u00e4ischen Messdienst mehrfach erteilt) angepa\u00dft. PRODAT bietet hierf\u00fcr Anlagen, die in diesem Einsatzgebiet alle Anwendungsf\u00e4lle abdecken. Der Typ PRODAT CE-VK [&hellip;]\" \/>\n<meta property=\"og:url\" content=\"https:\/\/www.prodat.de\/cms\/produkte\/gleiswaagen\" \/>\n<meta property=\"og:site_name\" content=\"PRODAT\" \/>\n<meta property=\"article:modified_time\" content=\"2024-03-09T16:13:42+00:00\" \/>\n<meta property=\"og:image\" content=\"http:\/\/www.prodat.de\/DE\/Produkte\/Gleiswaagen\/-index\/ce_vd1.jpg\" \/>\n<meta name=\"twitter:card\" content=\"summary_large_image\" \/>\n<meta name=\"twitter:label1\" content=\"Est. reading time\" \/>\n\t<meta name=\"twitter:data1\" content=\"5 minutes\" \/>\n<script type=\"application\/ld+json\" class=\"yoast-schema-graph\">{\"@context\":\"https:\/\/schema.org\",\"@graph\":[{\"@type\":\"WebPage\",\"@id\":\"https:\/\/www.prodat.de\/cms\/produkte\/gleiswaagen\",\"url\":\"https:\/\/www.prodat.de\/cms\/produkte\/gleiswaagen\",\"name\":\"Gleiswaagen - PRODAT\",\"isPartOf\":{\"@id\":\"https:\/\/www.prodat.de\/cms\/#website\"},\"primaryImageOfPage\":{\"@id\":\"https:\/\/www.prodat.de\/cms\/produkte\/gleiswaagen#primaryimage\"},\"image\":{\"@id\":\"https:\/\/www.prodat.de\/cms\/produkte\/gleiswaagen#primaryimage\"},\"thumbnailUrl\":\"http:\/\/www.prodat.de\/DE\/Produkte\/Gleiswaagen\/-index\/ce_vd1.jpg\",\"datePublished\":\"2020-08-18T11:11:30+00:00\",\"dateModified\":\"2024-03-09T16:13:42+00:00\",\"breadcrumb\":{\"@id\":\"https:\/\/www.prodat.de\/cms\/produkte\/gleiswaagen#breadcrumb\"},\"inLanguage\":\"en-US\",\"potentialAction\":[{\"@type\":\"ReadAction\",\"target\":[\"https:\/\/www.prodat.de\/cms\/produkte\/gleiswaagen\"]}]},{\"@type\":\"ImageObject\",\"inLanguage\":\"en-US\",\"@id\":\"https:\/\/www.prodat.de\/cms\/produkte\/gleiswaagen#primaryimage\",\"url\":\"http:\/\/www.prodat.de\/DE\/Produkte\/Gleiswaagen\/-index\/ce_vd1.jpg\",\"contentUrl\":\"http:\/\/www.prodat.de\/DE\/Produkte\/Gleiswaagen\/-index\/ce_vd1.jpg\"},{\"@type\":\"BreadcrumbList\",\"@id\":\"https:\/\/www.prodat.de\/cms\/produkte\/gleiswaagen#breadcrumb\",\"itemListElement\":[{\"@type\":\"ListItem\",\"position\":1,\"name\":\"www.prodat.de\",\"item\":\"https:\/\/www.prodat.de\/cms\/\"},{\"@type\":\"ListItem\",\"position\":2,\"name\":\"Produkte der PRODAT\",\"item\":\"https:\/\/www.prodat.de\/cms\/produkte\"},{\"@type\":\"ListItem\",\"position\":3,\"name\":\"Gleiswaagen\"}]},{\"@type\":\"WebSite\",\"@id\":\"https:\/\/www.prodat.de\/cms\/#website\",\"url\":\"https:\/\/www.prodat.de\/cms\/\",\"name\":\"PRODAT (CMS)\",\"description\":\"L\u00f6sungen \/ Solutions\",\"publisher\":{\"@id\":\"https:\/\/www.prodat.de\/cms\/#organization\"},\"alternateName\":\"PRODAT Solutions\/L\u00f6sungen - Website\",\"potentialAction\":[{\"@type\":\"SearchAction\",\"target\":{\"@type\":\"EntryPoint\",\"urlTemplate\":\"https:\/\/www.prodat.de\/cms\/?s={search_term_string}\"},\"query-input\":\"required name=search_term_string\"}],\"inLanguage\":\"en-US\"},{\"@type\":\"Organization\",\"@id\":\"https:\/\/www.prodat.de\/cms\/#organization\",\"name\":\"PRODAT\",\"alternateName\":\"PRODAT L\u00f6sungen \/ Solutions\",\"url\":\"https:\/\/www.prodat.de\/cms\/\",\"logo\":{\"@type\":\"ImageObject\",\"inLanguage\":\"en-US\",\"@id\":\"https:\/\/www.prodat.de\/cms\/#\/schema\/logo\/image\/\",\"url\":\"https:\/\/www.prodat.de\/cms\/wp-content\/uploads\/2024\/03\/prodat_logo_h150px.jpg\",\"contentUrl\":\"https:\/\/www.prodat.de\/cms\/wp-content\/uploads\/2024\/03\/prodat_logo_h150px.jpg\",\"width\":560,\"height\":150,\"caption\":\"PRODAT\"},\"image\":{\"@id\":\"https:\/\/www.prodat.de\/cms\/#\/schema\/logo\/image\/\"}}]}<\/script>\n<!-- \/ Yoast SEO plugin. -->","yoast_head_json":{"title":"Gleiswaagen - PRODAT","robots":{"index":"index","follow":"follow","max-snippet":"max-snippet:-1","max-image-preview":"max-image-preview:large","max-video-preview":"max-video-preview:-1"},"canonical":"https:\/\/www.prodat.de\/cms\/produkte\/gleiswaagen","og_locale":"en_US","og_type":"article","og_title":"Gleiswaagen - PRODAT","og_description":"\u00dcberblick PRODAT W\u00e4gesysteme der Baureihe PRODAT CE, eignen sich zur Massebestimmung im Schieneng\u00fcterverkehr und sind den hier geltenden internationalen Genauigkeitsanforderungen (OIML R 106 f\u00fcr die dynamische W\u00e4gung und OIML III, Zulassungen wurden durch einen ausl\u00e4ndischen europ\u00e4ischen Messdienst mehrfach erteilt) angepa\u00dft. PRODAT bietet hierf\u00fcr Anlagen, die in diesem Einsatzgebiet alle Anwendungsf\u00e4lle abdecken. Der Typ PRODAT CE-VK [&hellip;]","og_url":"https:\/\/www.prodat.de\/cms\/produkte\/gleiswaagen","og_site_name":"PRODAT","article_modified_time":"2024-03-09T16:13:42+00:00","og_image":[{"url":"http:\/\/www.prodat.de\/DE\/Produkte\/Gleiswaagen\/-index\/ce_vd1.jpg"}],"twitter_card":"summary_large_image","twitter_misc":{"Est. reading time":"5 minutes"},"schema":{"@context":"https:\/\/schema.org","@graph":[{"@type":"WebPage","@id":"https:\/\/www.prodat.de\/cms\/produkte\/gleiswaagen","url":"https:\/\/www.prodat.de\/cms\/produkte\/gleiswaagen","name":"Gleiswaagen - PRODAT","isPartOf":{"@id":"https:\/\/www.prodat.de\/cms\/#website"},"primaryImageOfPage":{"@id":"https:\/\/www.prodat.de\/cms\/produkte\/gleiswaagen#primaryimage"},"image":{"@id":"https:\/\/www.prodat.de\/cms\/produkte\/gleiswaagen#primaryimage"},"thumbnailUrl":"http:\/\/www.prodat.de\/DE\/Produkte\/Gleiswaagen\/-index\/ce_vd1.jpg","datePublished":"2020-08-18T11:11:30+00:00","dateModified":"2024-03-09T16:13:42+00:00","breadcrumb":{"@id":"https:\/\/www.prodat.de\/cms\/produkte\/gleiswaagen#breadcrumb"},"inLanguage":"en-US","potentialAction":[{"@type":"ReadAction","target":["https:\/\/www.prodat.de\/cms\/produkte\/gleiswaagen"]}]},{"@type":"ImageObject","inLanguage":"en-US","@id":"https:\/\/www.prodat.de\/cms\/produkte\/gleiswaagen#primaryimage","url":"http:\/\/www.prodat.de\/DE\/Produkte\/Gleiswaagen\/-index\/ce_vd1.jpg","contentUrl":"http:\/\/www.prodat.de\/DE\/Produkte\/Gleiswaagen\/-index\/ce_vd1.jpg"},{"@type":"BreadcrumbList","@id":"https:\/\/www.prodat.de\/cms\/produkte\/gleiswaagen#breadcrumb","itemListElement":[{"@type":"ListItem","position":1,"name":"www.prodat.de","item":"https:\/\/www.prodat.de\/cms\/"},{"@type":"ListItem","position":2,"name":"Produkte der PRODAT","item":"https:\/\/www.prodat.de\/cms\/produkte"},{"@type":"ListItem","position":3,"name":"Gleiswaagen"}]},{"@type":"WebSite","@id":"https:\/\/www.prodat.de\/cms\/#website","url":"https:\/\/www.prodat.de\/cms\/","name":"PRODAT (CMS)","description":"L\u00f6sungen \/ Solutions","publisher":{"@id":"https:\/\/www.prodat.de\/cms\/#organization"},"alternateName":"PRODAT Solutions\/L\u00f6sungen - Website","potentialAction":[{"@type":"SearchAction","target":{"@type":"EntryPoint","urlTemplate":"https:\/\/www.prodat.de\/cms\/?s={search_term_string}"},"query-input":"required name=search_term_string"}],"inLanguage":"en-US"},{"@type":"Organization","@id":"https:\/\/www.prodat.de\/cms\/#organization","name":"PRODAT","alternateName":"PRODAT L\u00f6sungen \/ Solutions","url":"https:\/\/www.prodat.de\/cms\/","logo":{"@type":"ImageObject","inLanguage":"en-US","@id":"https:\/\/www.prodat.de\/cms\/#\/schema\/logo\/image\/","url":"https:\/\/www.prodat.de\/cms\/wp-content\/uploads\/2024\/03\/prodat_logo_h150px.jpg","contentUrl":"https:\/\/www.prodat.de\/cms\/wp-content\/uploads\/2024\/03\/prodat_logo_h150px.jpg","width":560,"height":150,"caption":"PRODAT"},"image":{"@id":"https:\/\/www.prodat.de\/cms\/#\/schema\/logo\/image\/"}}]}},"_links":{"self":[{"href":"https:\/\/www.prodat.de\/cms\/wp-json\/wp\/v2\/pages\/79"}],"collection":[{"href":"https:\/\/www.prodat.de\/cms\/wp-json\/wp\/v2\/pages"}],"about":[{"href":"https:\/\/www.prodat.de\/cms\/wp-json\/wp\/v2\/types\/page"}],"author":[{"embeddable":true,"href":"https:\/\/www.prodat.de\/cms\/wp-json\/wp\/v2\/users\/2"}],"replies":[{"embeddable":true,"href":"https:\/\/www.prodat.de\/cms\/wp-json\/wp\/v2\/comments?post=79"}],"version-history":[{"count":6,"href":"https:\/\/www.prodat.de\/cms\/wp-json\/wp\/v2\/pages\/79\/revisions"}],"predecessor-version":[{"id":710,"href":"https:\/\/www.prodat.de\/cms\/wp-json\/wp\/v2\/pages\/79\/revisions\/710"}],"up":[{"embeddable":true,"href":"https:\/\/www.prodat.de\/cms\/wp-json\/wp\/v2\/pages\/2796"}],"wp:attachment":[{"href":"https:\/\/www.prodat.de\/cms\/wp-json\/wp\/v2\/media?parent=79"}],"curies":[{"name":"wp","href":"https:\/\/api.w.org\/{rel}","templated":true}]}}