{"id":3728,"date":"2024-03-14T20:25:04","date_gmt":"2024-03-14T19:25:04","guid":{"rendered":"https:\/\/www.prodat.de\/cms\/?page_id=3728"},"modified":"2025-06-11T00:41:51","modified_gmt":"2025-06-10T22:41:51","slug":"shop","status":"publish","type":"page","link":"https:\/\/www.prodat.de\/cms\/shop","title":{"rendered":"SHOP &#8211; Standardprodukte und Systeme, Gebrauchtmarktplatz"},"content":{"rendered":"\n<div class=\"wp-block-group has-global-padding is-layout-constrained wp-block-group-is-layout-constrained\">\n<div class=\"wp-block-group is-vertical is-content-justification-stretch is-nowrap is-layout-flex wp-container-core-group-layout-1 wp-block-group-is-layout-flex\">\n<h2 class=\"wp-block-heading has-text-align-center is-style-default has-base-2-color has-contrast-3-background-color has-text-color has-background has-link-color wp-elements-65db17aa7b4c311887a5c5894a0500fe\">PRODAT &#8211; SHOP<\/h2>\n\n\n\n<div class=\"wp-block-columns has-base-2-background-color has-background is-layout-flex wp-container-core-columns-layout-1 wp-block-columns-is-layout-flex\">\n<div class=\"wp-block-column has-global-padding is-layout-constrained wp-block-column-is-layout-constrained\" style=\"flex-basis:33.33%\">\n<div style=\"height:var(--wp--preset--spacing--50)\" aria-hidden=\"true\" class=\"wp-block-spacer\"><\/div>\n\n\n\n<figure class=\"wp-block-image aligncenter size-medium\"><img fetchpriority=\"high\" decoding=\"async\" width=\"300\" height=\"300\" src=\"https:\/\/www.prodat.de\/cms\/wp-content\/uploads\/2024\/03\/prodat_webshop_shopping_cart_item-300x300.webp\" alt=\"PRODAT SHOP\" class=\"wp-image-3731\" style=\"aspect-ratio:1;object-fit:cover\" srcset=\"https:\/\/www.prodat.de\/cms\/wp-content\/uploads\/2024\/03\/prodat_webshop_shopping_cart_item-300x300.webp 300w, https:\/\/www.prodat.de\/cms\/wp-content\/uploads\/2024\/03\/prodat_webshop_shopping_cart_item-150x150.webp 150w, https:\/\/www.prodat.de\/cms\/wp-content\/uploads\/2024\/03\/prodat_webshop_shopping_cart_item-768x768.webp 768w, https:\/\/www.prodat.de\/cms\/wp-content\/uploads\/2024\/03\/prodat_webshop_shopping_cart_item.webp 1024w\" sizes=\"(max-width: 300px) 100vw, 300px\" \/><\/figure>\n<\/div>\n\n\n\n<div class=\"wp-block-column has-global-padding is-layout-constrained wp-block-column-is-layout-constrained\" style=\"flex-basis:66.66%\">\n<blockquote class=\"wp-block-quote is-style-default\">\n<p class=\"has-text-align-left has-base-2-background-color has-background\"><em>Kontaktieren Sie uns zur Freischaltung und zur Zustellung der Linkinformationen. Diese M\u00f6glichkeit besteht f\u00fcr ausgew\u00e4hlte Kunden<\/em> &#8211; unser Webshop befindet sich gegenw\u00e4rtig im Probebetrieb. <\/p>\n<\/blockquote>\n<\/div>\n<\/div>\n<\/div>\n\n\n\n<div class=\"wp-block-group is-vertical is-content-justification-stretch is-layout-flex wp-container-core-group-layout-2 wp-block-group-is-layout-flex\">\n<h2 class=\"wp-block-heading has-text-align-center has-base-2-color has-contrast-3-background-color has-text-color has-background has-link-color wp-elements-1f59c0a94c9fdd598a0381d7328c52a6\">Marktplatz f\u00fcr Gebrauchtsysteme &#8211; besondere Angebote hier auf unseren Internetseiten<\/h2>\n\n\n\n<div class=\"wp-block-columns has-base-2-background-color has-background is-layout-flex wp-container-core-columns-layout-2 wp-block-columns-is-layout-flex\">\n<div class=\"wp-block-column has-global-padding is-layout-constrained wp-block-column-is-layout-constrained\" style=\"flex-basis:33.33%\">\n<div style=\"height:var(--wp--preset--spacing--50)\" aria-hidden=\"true\" class=\"wp-block-spacer\"><\/div>\n\n\n\n<figure class=\"wp-block-image aligncenter size-medium\"><img decoding=\"async\" width=\"300\" height=\"300\" src=\"https:\/\/www.prodat.de\/cms\/wp-content\/uploads\/2024\/03\/prodat_webshop_used_marketplace-300x300.webp\" alt=\"\" class=\"wp-image-3809\" style=\"aspect-ratio:1;object-fit:cover\" srcset=\"https:\/\/www.prodat.de\/cms\/wp-content\/uploads\/2024\/03\/prodat_webshop_used_marketplace-300x300.webp 300w, https:\/\/www.prodat.de\/cms\/wp-content\/uploads\/2024\/03\/prodat_webshop_used_marketplace-150x150.webp 150w, https:\/\/www.prodat.de\/cms\/wp-content\/uploads\/2024\/03\/prodat_webshop_used_marketplace-768x768.webp 768w, https:\/\/www.prodat.de\/cms\/wp-content\/uploads\/2024\/03\/prodat_webshop_used_marketplace.webp 1024w\" sizes=\"(max-width: 300px) 100vw, 300px\" \/><\/figure>\n<\/div>\n\n\n\n<div class=\"wp-block-column has-global-padding is-layout-constrained wp-block-column-is-layout-constrained\" style=\"flex-basis:66.66%\">\n<blockquote class=\"wp-block-quote\">\n<p>Die PRODAT bietet nicht nur M\u00f6glichkeiten zum Kauf von neuen Mess- und Pr\u00fcfsystemen, es ist ebenso m\u00f6glich eine Vielzahl gebrauchter Pr\u00fcfsysteme Sensoren, Bremskraftmesseinrichtungen oder Radaufstandskraftmesseinrichtungen zu erwerben. Im Regelfall stehen Miet- und\/oder Demosysteme zum Verkauf zur Verf\u00fcgung.<\/p>\n<\/blockquote>\n<\/div>\n<\/div>\n\n\n\n<h2 class=\"wp-block-heading has-text-align-center is-style-default has-base-2-background-color has-background\">Aktuelle Angebote  (14.3.2024)<\/h2>\n<\/div>\n\n\n\n<div class=\"wp-block-group has-global-padding is-layout-constrained wp-container-core-group-layout-6 wp-block-group-is-layout-constrained\">\n<div class=\"wp-block-columns is-layout-flex wp-container-core-columns-layout-3 wp-block-columns-is-layout-flex\">\n<div class=\"wp-block-column has-base-2-color has-text-color has-link-color wp-elements-3c99f1791f974ae437b4f920af72ce5b has-global-padding is-layout-constrained wp-block-column-is-layout-constrained\" style=\"padding-right:0;padding-left:0;flex-basis:50%\">\n<div class=\"wp-block-group has-contrast-3-background-color has-background has-global-padding is-layout-constrained wp-block-group-is-layout-constrained\" style=\"padding-top:var(--wp--preset--spacing--20);padding-right:var(--wp--preset--spacing--20);padding-bottom:var(--wp--preset--spacing--20);padding-left:var(--wp--preset--spacing--20)\">\n<h2 class=\"wp-block-heading has-text-align-center has-base-2-color has-text-color has-link-color wp-elements-784897461b5435acbeacf18f18c4d2e7\">Mobile Radlastmesseinrichtung Typ: RKM-M-G1 L<br>1 Achse \/ Alter 3 Jahre (#240)<\/h2>\n\n\n\n<p class=\"has-base-2-color has-text-color has-link-color wp-elements-8272e2e46dc751a835138d336f4aebb6\" style=\"margin-right:0;margin-left:0;padding-right:var(--wp--preset--spacing--20);padding-left:var(--wp--preset--spacing--20)\">Radaufstandskraftmesseinrichtung (Radlastmesssystem) RKM-M-G1 L (lang) f\u00fcr 1 Achse (2 Messbr\u00fccken)<br><strong>Kurzinformationen:<\/strong><\/p>\n\n\n\n<ul style=\"padding-right:var(--wp--preset--spacing--30);padding-left:var(--wp--preset--spacing--30)\" class=\"is-style-checkmark-list\">\n<li>Gew\u00e4hrleistung 2 Jahre<\/li>\n\n\n\n<li>Vollst\u00e4ndiges Zubeh\u00f6r<\/li>\n\n\n\n<li>Werkskalibrierung enthalten (G\u00fcltigkeit 1 Jahr) &#8211; DaakS Kalibrierung m\u00f6glich<\/li>\n<\/ul>\n<\/div>\n\n\n\n<div style=\"height:var(--wp--preset--spacing--20)\" aria-hidden=\"true\" class=\"wp-block-spacer\"><\/div>\n\n\n\n<div class=\"wp-block-group has-accent-background-color has-background has-global-padding is-layout-constrained wp-block-group-is-layout-constrained\" style=\"padding-top:var(--wp--preset--spacing--20);padding-right:var(--wp--preset--spacing--20);padding-bottom:var(--wp--preset--spacing--20);padding-left:var(--wp--preset--spacing--20)\">\n<h2 class=\"wp-block-heading has-text-align-center has-base-2-color has-text-color has-link-color wp-elements-284192c378ab823a10c8aa0a9f5f51d5\">Mobile Radlastmesseinrichtung \/ 1 Achse \/ Alter 3 Jahre (#242)<\/h2>\n\n\n\n<p class=\"has-base-2-color has-text-color has-link-color wp-elements-8272e2e46dc751a835138d336f4aebb6\" style=\"margin-right:0;margin-left:0;padding-right:var(--wp--preset--spacing--20);padding-left:var(--wp--preset--spacing--20)\">Radaufstandskraftmesseinrichtung (Radlastmesssystem) RKM-M-G1 L (lang) f\u00fcr 1 Achse (2 Messbr\u00fccken)<br><strong>Kurzinformationen:<\/strong><\/p>\n\n\n\n<ul style=\"padding-right:var(--wp--preset--spacing--30);padding-left:var(--wp--preset--spacing--30)\" class=\"is-style-checkmark-list\">\n<li>Gew\u00e4hrleistung 2 Jahre<\/li>\n\n\n\n<li>Vollst\u00e4ndiges Zubeh\u00f6r<\/li>\n\n\n\n<li>Werkskalibrierung enthalten (G\u00fcltigkeit 1 Jahr) &#8211; DaakS Kalibrierung m\u00f6glich<\/li>\n<\/ul>\n<\/div>\n\n\n\n<div style=\"height:var(--wp--preset--spacing--20)\" aria-hidden=\"true\" class=\"wp-block-spacer\"><\/div>\n<\/div>\n\n\n\n<div class=\"wp-block-column is-layout-flow wp-block-column-is-layout-flow\" style=\"flex-basis:50%\">\n<div style=\"height:var(--wp--preset--spacing--40)\" aria-hidden=\"true\" class=\"wp-block-spacer\"><\/div>\n\n\n\n<div class=\"wp-block-group has-base-2-color has-accent-background-color has-text-color has-background has-link-color wp-elements-f50e5916689440fa33ef194d25f35d72 has-global-padding is-layout-constrained wp-block-group-is-layout-constrained\" style=\"padding-top:var(--wp--preset--spacing--20);padding-right:var(--wp--preset--spacing--20);padding-bottom:var(--wp--preset--spacing--20);padding-left:var(--wp--preset--spacing--20)\">\n<h2 class=\"wp-block-heading has-text-align-center has-base-2-color has-text-color has-link-color wp-elements-d4b36269758f4bfc552dd0b76f457e40\">Mobile Radlastmesseinrichtung Typ: RKM-M-G2 K<br>1 Achse \/ Alter 3 Jahre (#243)<\/h2>\n\n\n\n<p class=\"has-base-2-color has-text-color has-link-color wp-elements-8272e2e46dc751a835138d336f4aebb6\" style=\"margin-right:0;margin-left:0;padding-right:var(--wp--preset--spacing--20);padding-left:var(--wp--preset--spacing--20)\">Radaufstandskraftmesseinrichtung (Radlastmesssystem) RKM-M-G1 L (lang) f\u00fcr 1 Achse (2 Messbr\u00fccken)<br><strong>Kurzinformationen:<\/strong><\/p>\n\n\n\n<ul style=\"padding-right:var(--wp--preset--spacing--30);padding-left:var(--wp--preset--spacing--30)\" class=\"is-style-checkmark-list\">\n<li>Gew\u00e4hrleistung 2 Jahre<\/li>\n\n\n\n<li>Vollst\u00e4ndiges Zubeh\u00f6r<\/li>\n\n\n\n<li>Werkskalibrierung enthalten (G\u00fcltigkeit 1 Jahr) &#8211; DaakS Kalibrierung m\u00f6glich<\/li>\n<\/ul>\n<\/div>\n<\/div>\n<\/div>\n<\/div>\n<\/div>\n","protected":false},"excerpt":{"rendered":"<p>PRODAT &#8211; SHOP Kontaktieren Sie uns zur Freischaltung und zur Zustellung der Linkinformationen. Diese M\u00f6glichkeit besteht f\u00fcr ausgew\u00e4hlte Kunden &#8211; unser Webshop befindet sich gegenw\u00e4rtig im Probebetrieb. Marktplatz f\u00fcr Gebrauchtsysteme &#8211; besondere Angebote hier auf unseren Internetseiten Die PRODAT bietet nicht nur M\u00f6glichkeiten zum Kauf von neuen Mess- und Pr\u00fcfsystemen, es ist ebenso m\u00f6glich eine [&hellip;]<\/p>\n","protected":false},"author":1,"featured_media":3731,"parent":0,"menu_order":0,"comment_status":"closed","ping_status":"closed","template":"wp-custom-template-prodat-standard-inhalt","meta":{"footnotes":""},"yoast_head":"<!-- This site is optimized with the Yoast SEO plugin v22.2 - https:\/\/yoast.com\/wordpress\/plugins\/seo\/ -->\n<title>SHOP - Standardprodukte und Systeme, Gebrauchtmarktplatz - PRODAT<\/title>\n<meta name=\"description\" content=\"PRODATs Webshop f\u00fcr Produkte und Systeme, zug\u00e4nglich f\u00fcr ausgew\u00e4hlte Kunden. Besondere Angebote im Marktplatz f\u00fcr gebrauchte Systeme und Systemkomponenten.\" \/>\n<meta name=\"robots\" content=\"index, follow, max-snippet:-1, max-image-preview:large, max-video-preview:-1\" \/>\n<link rel=\"canonical\" href=\"https:\/\/www.prodat.de\/cms\/shop\" \/>\n<meta property=\"og:locale\" content=\"en_US\" \/>\n<meta property=\"og:type\" content=\"article\" \/>\n<meta property=\"og:title\" content=\"SHOP - Standardprodukte und Systeme, Gebrauchtmarktplatz - PRODAT\" \/>\n<meta property=\"og:description\" content=\"PRODATs Webshop f\u00fcr Produkte und Systeme, zug\u00e4nglich f\u00fcr ausgew\u00e4hlte Kunden. Besondere Angebote im Marktplatz f\u00fcr gebrauchte Systeme und Systemkomponenten.\" \/>\n<meta property=\"og:url\" content=\"https:\/\/www.prodat.de\/cms\/shop\" \/>\n<meta property=\"og:site_name\" content=\"PRODAT\" \/>\n<meta property=\"article:modified_time\" content=\"2025-06-10T22:41:51+00:00\" \/>\n<meta property=\"og:image\" content=\"https:\/\/www.prodat.de\/cms\/wp-content\/uploads\/2024\/03\/prodat_webshop_shopping_cart_item.webp\" \/>\n\t<meta property=\"og:image:width\" content=\"1024\" \/>\n\t<meta property=\"og:image:height\" content=\"1024\" \/>\n\t<meta property=\"og:image:type\" content=\"image\/webp\" \/>\n<meta name=\"twitter:card\" content=\"summary_large_image\" \/>\n<meta name=\"twitter:label1\" content=\"Est. reading time\" \/>\n\t<meta name=\"twitter:data1\" content=\"2 minutes\" \/>\n<script type=\"application\/ld+json\" class=\"yoast-schema-graph\">{\"@context\":\"https:\/\/schema.org\",\"@graph\":[{\"@type\":\"WebPage\",\"@id\":\"https:\/\/www.prodat.de\/cms\/shop\",\"url\":\"https:\/\/www.prodat.de\/cms\/shop\",\"name\":\"SHOP - Standardprodukte und Systeme, Gebrauchtmarktplatz - PRODAT\",\"isPartOf\":{\"@id\":\"https:\/\/www.prodat.de\/cms\/#website\"},\"primaryImageOfPage\":{\"@id\":\"https:\/\/www.prodat.de\/cms\/shop#primaryimage\"},\"image\":{\"@id\":\"https:\/\/www.prodat.de\/cms\/shop#primaryimage\"},\"thumbnailUrl\":\"https:\/\/www.prodat.de\/cms\/wp-content\/uploads\/2024\/03\/prodat_webshop_shopping_cart_item.webp\",\"datePublished\":\"2024-03-14T19:25:04+00:00\",\"dateModified\":\"2025-06-10T22:41:51+00:00\",\"description\":\"PRODATs Webshop f\u00fcr Produkte und Systeme, zug\u00e4nglich f\u00fcr ausgew\u00e4hlte Kunden. Besondere Angebote im Marktplatz f\u00fcr gebrauchte Systeme und Systemkomponenten.\",\"breadcrumb\":{\"@id\":\"https:\/\/www.prodat.de\/cms\/shop#breadcrumb\"},\"inLanguage\":\"en-US\",\"potentialAction\":[{\"@type\":\"ReadAction\",\"target\":[\"https:\/\/www.prodat.de\/cms\/shop\"]}]},{\"@type\":\"ImageObject\",\"inLanguage\":\"en-US\",\"@id\":\"https:\/\/www.prodat.de\/cms\/shop#primaryimage\",\"url\":\"https:\/\/www.prodat.de\/cms\/wp-content\/uploads\/2024\/03\/prodat_webshop_shopping_cart_item.webp\",\"contentUrl\":\"https:\/\/www.prodat.de\/cms\/wp-content\/uploads\/2024\/03\/prodat_webshop_shopping_cart_item.webp\",\"width\":1024,\"height\":1024,\"caption\":\"PRODAT SHOP\"},{\"@type\":\"BreadcrumbList\",\"@id\":\"https:\/\/www.prodat.de\/cms\/shop#breadcrumb\",\"itemListElement\":[{\"@type\":\"ListItem\",\"position\":1,\"name\":\"www.prodat.de\",\"item\":\"https:\/\/www.prodat.de\/cms\/\"},{\"@type\":\"ListItem\",\"position\":2,\"name\":\"SHOP &#8211; Standardprodukte und Systeme, Gebrauchtmarktplatz\"}]},{\"@type\":\"WebSite\",\"@id\":\"https:\/\/www.prodat.de\/cms\/#website\",\"url\":\"https:\/\/www.prodat.de\/cms\/\",\"name\":\"PRODAT (CMS)\",\"description\":\"L\u00f6sungen \/ Solutions\",\"publisher\":{\"@id\":\"https:\/\/www.prodat.de\/cms\/#organization\"},\"alternateName\":\"PRODAT Solutions\/L\u00f6sungen - Website\",\"potentialAction\":[{\"@type\":\"SearchAction\",\"target\":{\"@type\":\"EntryPoint\",\"urlTemplate\":\"https:\/\/www.prodat.de\/cms\/?s={search_term_string}\"},\"query-input\":\"required name=search_term_string\"}],\"inLanguage\":\"en-US\"},{\"@type\":\"Organization\",\"@id\":\"https:\/\/www.prodat.de\/cms\/#organization\",\"name\":\"PRODAT\",\"alternateName\":\"PRODAT L\u00f6sungen \/ Solutions\",\"url\":\"https:\/\/www.prodat.de\/cms\/\",\"logo\":{\"@type\":\"ImageObject\",\"inLanguage\":\"en-US\",\"@id\":\"https:\/\/www.prodat.de\/cms\/#\/schema\/logo\/image\/\",\"url\":\"https:\/\/www.prodat.de\/cms\/wp-content\/uploads\/2024\/03\/prodat_logo_h150px.jpg\",\"contentUrl\":\"https:\/\/www.prodat.de\/cms\/wp-content\/uploads\/2024\/03\/prodat_logo_h150px.jpg\",\"width\":560,\"height\":150,\"caption\":\"PRODAT\"},\"image\":{\"@id\":\"https:\/\/www.prodat.de\/cms\/#\/schema\/logo\/image\/\"}}]}<\/script>\n<!-- \/ Yoast SEO plugin. -->","yoast_head_json":{"title":"SHOP - Standardprodukte und Systeme, Gebrauchtmarktplatz - PRODAT","description":"PRODATs Webshop f\u00fcr Produkte und Systeme, zug\u00e4nglich f\u00fcr ausgew\u00e4hlte Kunden. Besondere Angebote im Marktplatz f\u00fcr gebrauchte Systeme und Systemkomponenten.","robots":{"index":"index","follow":"follow","max-snippet":"max-snippet:-1","max-image-preview":"max-image-preview:large","max-video-preview":"max-video-preview:-1"},"canonical":"https:\/\/www.prodat.de\/cms\/shop","og_locale":"en_US","og_type":"article","og_title":"SHOP - Standardprodukte und Systeme, Gebrauchtmarktplatz - PRODAT","og_description":"PRODATs Webshop f\u00fcr Produkte und Systeme, zug\u00e4nglich f\u00fcr ausgew\u00e4hlte Kunden. Besondere Angebote im Marktplatz f\u00fcr gebrauchte Systeme und Systemkomponenten.","og_url":"https:\/\/www.prodat.de\/cms\/shop","og_site_name":"PRODAT","article_modified_time":"2025-06-10T22:41:51+00:00","og_image":[{"width":1024,"height":1024,"url":"https:\/\/www.prodat.de\/cms\/wp-content\/uploads\/2024\/03\/prodat_webshop_shopping_cart_item.webp","type":"image\/webp"}],"twitter_card":"summary_large_image","twitter_misc":{"Est. reading time":"2 minutes"},"schema":{"@context":"https:\/\/schema.org","@graph":[{"@type":"WebPage","@id":"https:\/\/www.prodat.de\/cms\/shop","url":"https:\/\/www.prodat.de\/cms\/shop","name":"SHOP - Standardprodukte und Systeme, Gebrauchtmarktplatz - PRODAT","isPartOf":{"@id":"https:\/\/www.prodat.de\/cms\/#website"},"primaryImageOfPage":{"@id":"https:\/\/www.prodat.de\/cms\/shop#primaryimage"},"image":{"@id":"https:\/\/www.prodat.de\/cms\/shop#primaryimage"},"thumbnailUrl":"https:\/\/www.prodat.de\/cms\/wp-content\/uploads\/2024\/03\/prodat_webshop_shopping_cart_item.webp","datePublished":"2024-03-14T19:25:04+00:00","dateModified":"2025-06-10T22:41:51+00:00","description":"PRODATs Webshop f\u00fcr Produkte und Systeme, zug\u00e4nglich f\u00fcr ausgew\u00e4hlte Kunden. Besondere Angebote im Marktplatz f\u00fcr gebrauchte Systeme und Systemkomponenten.","breadcrumb":{"@id":"https:\/\/www.prodat.de\/cms\/shop#breadcrumb"},"inLanguage":"en-US","potentialAction":[{"@type":"ReadAction","target":["https:\/\/www.prodat.de\/cms\/shop"]}]},{"@type":"ImageObject","inLanguage":"en-US","@id":"https:\/\/www.prodat.de\/cms\/shop#primaryimage","url":"https:\/\/www.prodat.de\/cms\/wp-content\/uploads\/2024\/03\/prodat_webshop_shopping_cart_item.webp","contentUrl":"https:\/\/www.prodat.de\/cms\/wp-content\/uploads\/2024\/03\/prodat_webshop_shopping_cart_item.webp","width":1024,"height":1024,"caption":"PRODAT SHOP"},{"@type":"BreadcrumbList","@id":"https:\/\/www.prodat.de\/cms\/shop#breadcrumb","itemListElement":[{"@type":"ListItem","position":1,"name":"www.prodat.de","item":"https:\/\/www.prodat.de\/cms\/"},{"@type":"ListItem","position":2,"name":"SHOP &#8211; Standardprodukte und Systeme, Gebrauchtmarktplatz"}]},{"@type":"WebSite","@id":"https:\/\/www.prodat.de\/cms\/#website","url":"https:\/\/www.prodat.de\/cms\/","name":"PRODAT (CMS)","description":"L\u00f6sungen \/ Solutions","publisher":{"@id":"https:\/\/www.prodat.de\/cms\/#organization"},"alternateName":"PRODAT Solutions\/L\u00f6sungen - Website","potentialAction":[{"@type":"SearchAction","target":{"@type":"EntryPoint","urlTemplate":"https:\/\/www.prodat.de\/cms\/?s={search_term_string}"},"query-input":"required name=search_term_string"}],"inLanguage":"en-US"},{"@type":"Organization","@id":"https:\/\/www.prodat.de\/cms\/#organization","name":"PRODAT","alternateName":"PRODAT L\u00f6sungen \/ Solutions","url":"https:\/\/www.prodat.de\/cms\/","logo":{"@type":"ImageObject","inLanguage":"en-US","@id":"https:\/\/www.prodat.de\/cms\/#\/schema\/logo\/image\/","url":"https:\/\/www.prodat.de\/cms\/wp-content\/uploads\/2024\/03\/prodat_logo_h150px.jpg","contentUrl":"https:\/\/www.prodat.de\/cms\/wp-content\/uploads\/2024\/03\/prodat_logo_h150px.jpg","width":560,"height":150,"caption":"PRODAT"},"image":{"@id":"https:\/\/www.prodat.de\/cms\/#\/schema\/logo\/image\/"}}]}},"_links":{"self":[{"href":"https:\/\/www.prodat.de\/cms\/wp-json\/wp\/v2\/pages\/3728"}],"collection":[{"href":"https:\/\/www.prodat.de\/cms\/wp-json\/wp\/v2\/pages"}],"about":[{"href":"https:\/\/www.prodat.de\/cms\/wp-json\/wp\/v2\/types\/page"}],"author":[{"embeddable":true,"href":"https:\/\/www.prodat.de\/cms\/wp-json\/wp\/v2\/users\/1"}],"replies":[{"embeddable":true,"href":"https:\/\/www.prodat.de\/cms\/wp-json\/wp\/v2\/comments?post=3728"}],"version-history":[{"count":72,"href":"https:\/\/www.prodat.de\/cms\/wp-json\/wp\/v2\/pages\/3728\/revisions"}],"predecessor-version":[{"id":7486,"href":"https:\/\/www.prodat.de\/cms\/wp-json\/wp\/v2\/pages\/3728\/revisions\/7486"}],"wp:featuredmedia":[{"embeddable":true,"href":"https:\/\/www.prodat.de\/cms\/wp-json\/wp\/v2\/media\/3731"}],"wp:attachment":[{"href":"https:\/\/www.prodat.de\/cms\/wp-json\/wp\/v2\/media?parent=3728"}],"curies":[{"name":"wp","href":"https:\/\/api.w.org\/{rel}","templated":true}]}}