{"id":1684,"date":"2020-09-16T10:15:50","date_gmt":"2020-09-16T08:15:50","guid":{"rendered":"https:\/\/www.prodat.de\/cms\/?page_id=1684"},"modified":"2024-04-09T21:01:05","modified_gmt":"2024-04-09T19:01:05","slug":"partner","status":"publish","type":"page","link":"https:\/\/www.prodat.de\/cms\/ueber-die-prodat-allgemeine-informationen-zum-unternehmen\/partner","title":{"rendered":"Partner"},"content":{"rendered":"\n<h2 class=\"wp-block-heading has-text-align-center\">Das PRODAT Netzwerk &#8211; <br>ausgew\u00e4hlte Partner, Organisationen und Netzwerke<\/h2>\n\n\n\n<div class=\"wp-block-group has-global-padding is-layout-constrained wp-block-group-is-layout-constrained\">\n<div style=\"height:40px\" aria-hidden=\"true\" class=\"wp-block-spacer\"><\/div>\n<\/div>\n\n\n\n<div class=\"wp-block-group has-global-padding is-layout-constrained wp-container-core-group-layout-26 wp-block-group-is-layout-constrained\">\n<h4 class=\"wp-block-heading has-text-align-center is-style-asterisk\">PRODAT &#8211; Regionale Vertriebs- und Servicepartner<\/h4>\n\n\n\n<p class=\"has-text-align-center\"><strong><em>in Aktualisierung<\/em><\/strong><\/p>\n\n\n\n<h4 class=\"wp-block-heading has-text-align-center is-style-asterisk\">PRODAT Kooperationsnetzwerk &#8211; Kompetenzb\u00fcndelung und Arbeitsgemeinschaften<\/h4>\n\n\n\n<div class=\"wp-block-group has-base-2-background-color has-background is-layout-flow wp-block-group-is-layout-flow\" style=\"border-radius:20px;padding-top:var(--wp--preset--spacing--10);padding-right:var(--wp--preset--spacing--10);padding-bottom:var(--wp--preset--spacing--10);padding-left:var(--wp--preset--spacing--10)\">\n<div class=\"wp-block-group is-nowrap is-layout-flex wp-container-core-group-layout-3 wp-block-group-is-layout-flex\">\n<div class=\"wp-block-group is-vertical is-content-justification-center is-layout-flex wp-container-core-group-layout-2 wp-block-group-is-layout-flex\">\n<p><strong><em>Richter Deformationsmesstechnik GmbH: <\/em><\/strong><br>Komplettl\u00f6sungen f\u00fcr die Baumesstechnik &#8220;links und rechts der Geod\u00e4sie&#8221; &#8211; Schwerpunkt Talsperren, Stauanlagen und Geb\u00e4ude.<\/p>\n\n\n\n<div class=\"wp-block-buttons is-layout-flex wp-block-buttons-is-layout-flex\">\n<div class=\"wp-block-button\"><a class=\"wp-block-button__link has-text-align-center wp-element-button\" href=\"https:\/\/rdmt.de\/\">Richter -Deformationstechnik<\/a><\/div>\n<\/div>\n<\/div>\n\n\n\n<figure class=\"wp-block-image size-full is-resized is-style-rounded\"><img decoding=\"async\" width=\"289\" height=\"137\" src=\"https:\/\/www.prodat.de\/cms\/wp-content\/uploads\/2024\/03\/logo_richter_deformationstechnik.jpg\" alt=\"Partner Richter - Deformationsmesstechnik\" class=\"wp-image-7114\" style=\"width:217px;height:auto\"\/><\/figure>\n<\/div>\n<\/div>\n\n\n\n<div class=\"wp-block-group has-base-2-background-color has-background is-layout-flow wp-block-group-is-layout-flow\" style=\"border-radius:20px;padding-top:var(--wp--preset--spacing--10);padding-right:var(--wp--preset--spacing--10);padding-bottom:var(--wp--preset--spacing--10);padding-left:var(--wp--preset--spacing--10)\">\n<div class=\"wp-block-group is-nowrap is-layout-flex wp-container-core-group-layout-6 wp-block-group-is-layout-flex\">\n<figure class=\"wp-block-image size-full is-resized\"><img fetchpriority=\"high\" decoding=\"async\" width=\"523\" height=\"116\" src=\"https:\/\/www.prodat.de\/cms\/wp-content\/uploads\/2024\/03\/logo_digalog_gmbh.jpg\" alt=\"LOGO der Digalog GmbH - ein PRODAT Projektpartner\" class=\"wp-image-7082\" style=\"width:217px;height:auto\" srcset=\"https:\/\/www.prodat.de\/cms\/wp-content\/uploads\/2024\/03\/logo_digalog_gmbh.jpg 523w, https:\/\/www.prodat.de\/cms\/wp-content\/uploads\/2024\/03\/logo_digalog_gmbh-300x67.jpg 300w\" sizes=\"(max-width: 523px) 100vw, 523px\" \/><\/figure>\n\n\n\n<div class=\"wp-block-group is-vertical is-content-justification-center is-layout-flex wp-container-core-group-layout-5 wp-block-group-is-layout-flex\">\n<p><em><strong>Digalog Industrie-Mikroelektronik GmbH:<\/strong><\/em><br>Elektronik und Hardwaredesign auf h\u00f6chstem, industriellen Niveau.<\/p>\n\n\n\n<div class=\"wp-block-buttons is-layout-flex wp-block-buttons-is-layout-flex\">\n<div class=\"wp-block-button\"><a class=\"wp-block-button__link has-text-align-center wp-element-button\" href=\"https:\/\/www.digalog.de\/\">Digalog GmbH<\/a><\/div>\n<\/div>\n<\/div>\n<\/div>\n<\/div>\n\n\n\n<div class=\"wp-block-group has-base-2-background-color has-background is-layout-flow wp-block-group-is-layout-flow\" style=\"border-radius:20px;padding-top:var(--wp--preset--spacing--10);padding-right:var(--wp--preset--spacing--10);padding-bottom:var(--wp--preset--spacing--10);padding-left:var(--wp--preset--spacing--10)\">\n<div class=\"wp-block-group is-nowrap is-layout-flex wp-container-core-group-layout-9 wp-block-group-is-layout-flex\">\n<div class=\"wp-block-group is-vertical is-content-justification-center is-layout-flex wp-container-core-group-layout-8 wp-block-group-is-layout-flex\">\n<p><strong><em>Stephan Meyer:<\/em><\/strong><br>Illustration, Satz und Layout, Werbegrafik<\/p>\n\n\n\n<div class=\"wp-block-buttons is-layout-flex wp-block-buttons-is-layout-flex\">\n<div class=\"wp-block-button\"><a class=\"wp-block-button__link has-text-align-center wp-element-button\" href=\"https:\/\/www.meyer-stephan.de\/\">Stephan Meyer<\/a><\/div>\n<\/div>\n<\/div>\n\n\n\n<figure class=\"wp-block-image size-full is-resized\"><img decoding=\"async\" width=\"216\" height=\"69\" src=\"https:\/\/www.prodat.de\/cms\/wp-content\/uploads\/2024\/03\/logo_partner_stephan_meyer.png\" alt=\"\" class=\"wp-image-7091\" style=\"width:217px;height:auto\"\/><\/figure>\n<\/div>\n<\/div>\n\n\n\n<div class=\"wp-block-group has-base-2-background-color has-background is-layout-flow wp-block-group-is-layout-flow\" style=\"border-radius:20px;padding-top:var(--wp--preset--spacing--10);padding-right:var(--wp--preset--spacing--10);padding-bottom:var(--wp--preset--spacing--10);padding-left:var(--wp--preset--spacing--10)\">\n<div class=\"wp-block-group is-nowrap is-layout-flex wp-container-core-group-layout-12 wp-block-group-is-layout-flex\">\n<figure class=\"wp-block-image size-full is-resized is-style-default\"><img loading=\"lazy\" decoding=\"async\" width=\"176\" height=\"80\" src=\"https:\/\/www.prodat.de\/cms\/wp-content\/uploads\/2024\/03\/logo_expert-people-management.jpg\" alt=\"Partner - Expert People Management GmbH\" class=\"wp-image-7124\" style=\"width:217px;height:auto\"\/><\/figure>\n\n\n\n<div class=\"wp-block-group is-vertical is-content-justification-center is-layout-flex wp-container-core-group-layout-11 wp-block-group-is-layout-flex\">\n<p><strong><em>Expert People | Management:<\/em><\/strong><br>Eine der f\u00fchrenden Personal- und Unternehmensberatungen in Mitteldeutschland. Arbeitssicherheit, Sicherheits- und Gesundheitskoordination, EDV-Training, Digitalisierung und Managementsysteme <\/p>\n\n\n\n<div class=\"wp-block-buttons is-layout-flex wp-block-buttons-is-layout-flex\">\n<div class=\"wp-block-button\"><a class=\"wp-block-button__link has-text-align-center wp-element-button\" href=\"https:\/\/expert-management.de\/\">Expert People Management<\/a><\/div>\n<\/div>\n<\/div>\n<\/div>\n<\/div>\n\n\n\n<div class=\"wp-block-group has-base-2-background-color has-background is-layout-flow wp-block-group-is-layout-flow\" style=\"border-radius:20px;padding-top:var(--wp--preset--spacing--10);padding-right:var(--wp--preset--spacing--10);padding-bottom:var(--wp--preset--spacing--10);padding-left:var(--wp--preset--spacing--10)\">\n<div class=\"wp-block-group is-nowrap is-layout-flex wp-container-core-group-layout-15 wp-block-group-is-layout-flex\">\n<div class=\"wp-block-group is-vertical is-content-justification-center is-layout-flex wp-container-core-group-layout-14 wp-block-group-is-layout-flex\">\n<p><strong><em>R\u00f6sch Consult GmbH:<\/em><\/strong><br>Kooperative Beratung und L\u00f6sungsfindung in Schienenfahrzeugtechnik, Instandhaltungstechnologien, Sicherheitsmanagement, Eisenbahnrecht und Eisenbahnbetrieb.<\/p>\n\n\n\n<div class=\"wp-block-buttons is-layout-flex wp-block-buttons-is-layout-flex\">\n<div class=\"wp-block-button\"><a class=\"wp-block-button__link has-text-align-center wp-element-button\" href=\"https:\/\/roeschconsult.group\/\">R\u00f6sch Consult GmbH<\/a><\/div>\n<\/div>\n<\/div>\n\n\n\n<figure class=\"wp-block-image size-full is-resized\"><img loading=\"lazy\" decoding=\"async\" width=\"1627\" height=\"340\" src=\"https:\/\/www.prodat.de\/cms\/wp-content\/uploads\/2024\/03\/logo_roesch_consult_gmbh.png\" alt=\"Partner R\u00f6sch Consult GmbH\" class=\"wp-image-7130\" style=\"width:217px;height:auto\" srcset=\"https:\/\/www.prodat.de\/cms\/wp-content\/uploads\/2024\/03\/logo_roesch_consult_gmbh.png 1627w, https:\/\/www.prodat.de\/cms\/wp-content\/uploads\/2024\/03\/logo_roesch_consult_gmbh-300x63.png 300w, https:\/\/www.prodat.de\/cms\/wp-content\/uploads\/2024\/03\/logo_roesch_consult_gmbh-1024x214.png 1024w, https:\/\/www.prodat.de\/cms\/wp-content\/uploads\/2024\/03\/logo_roesch_consult_gmbh-768x160.png 768w, https:\/\/www.prodat.de\/cms\/wp-content\/uploads\/2024\/03\/logo_roesch_consult_gmbh-1536x321.png 1536w\" sizes=\"(max-width: 1627px) 100vw, 1627px\" \/><\/figure>\n<\/div>\n<\/div>\n\n\n\n<div style=\"height:var(--wp--preset--spacing--30)\" aria-hidden=\"true\" class=\"wp-block-spacer\"><\/div>\n\n\n\n<h4 class=\"wp-block-heading has-text-align-center is-style-asterisk\">Bereich Forschung und Entwicklung (F&amp;E)<\/h4>\n\n\n\n<div class=\"wp-block-group has-base-2-background-color has-background has-global-padding is-layout-constrained wp-block-group-is-layout-constrained\" style=\"border-radius:20px;padding-top:var(--wp--preset--spacing--10);padding-right:var(--wp--preset--spacing--10);padding-bottom:var(--wp--preset--spacing--10);padding-left:var(--wp--preset--spacing--10)\">\n<div class=\"wp-block-group is-nowrap is-layout-flex wp-container-core-group-layout-18 wp-block-group-is-layout-flex\">\n<figure class=\"wp-block-image size-medium\"><img loading=\"lazy\" decoding=\"async\" width=\"300\" height=\"87\" src=\"https:\/\/www.prodat.de\/cms\/wp-content\/uploads\/2024\/03\/tud-logo-300x87.jpg\" alt=\"\" class=\"wp-image-7071\" srcset=\"https:\/\/www.prodat.de\/cms\/wp-content\/uploads\/2024\/03\/tud-logo-300x87.jpg 300w, https:\/\/www.prodat.de\/cms\/wp-content\/uploads\/2024\/03\/tud-logo.jpg 450w\" sizes=\"(max-width: 300px) 100vw, 300px\" \/><\/figure>\n\n\n\n<div class=\"wp-block-group is-vertical is-content-justification-center is-layout-flex wp-container-core-group-layout-17 wp-block-group-is-layout-flex\">\n<p><strong><em>Technische Universit\u00e4t Dresden:<\/em><\/strong><br>langj\u00e4hrige und wiederkehrende Forschungskooperationen. Erfahrungstausch und Wissenstransfer.<\/p>\n\n\n\n<div class=\"wp-block-buttons is-layout-flex wp-block-buttons-is-layout-flex\">\n<div class=\"wp-block-button\"><a class=\"wp-block-button__link has-text-align-center wp-element-button\" href=\"https:\/\/tu-dresden.de\/\">Technische Universit\u00e4t Dresden<\/a><\/div>\n<\/div>\n<\/div>\n<\/div>\n<\/div>\n\n\n\n<div class=\"wp-block-group has-base-2-background-color has-background has-global-padding is-layout-constrained wp-block-group-is-layout-constrained\" style=\"border-radius:20px;padding-top:var(--wp--preset--spacing--10);padding-right:var(--wp--preset--spacing--10);padding-bottom:var(--wp--preset--spacing--10);padding-left:var(--wp--preset--spacing--10)\">\n<div class=\"wp-block-group is-nowrap is-layout-flex wp-container-core-group-layout-21 wp-block-group-is-layout-flex\">\n<div class=\"wp-block-group is-vertical is-content-justification-center is-layout-flex wp-container-core-group-layout-20 wp-block-group-is-layout-flex\">\n<p><strong><em>TU Dresden Institut f\u00fcr Leichtbau- und Kunststofftechnik (ILK):<\/em><\/strong><br>starke und wiederkehrende Kooperationen im Bereich des Leichtbaus und der sensorisch-funktionalisierten Materialien<\/p>\n\n\n\n<div class=\"wp-block-buttons is-layout-flex wp-block-buttons-is-layout-flex\">\n<div class=\"wp-block-button\"><a class=\"wp-block-button__link has-text-align-center wp-element-button\" href=\"https:\/\/www.th-wildau.de\/\">Institut f\u00fcr Leichtbau- und Kunststofftechnik<\/a><\/div>\n<\/div>\n<\/div>\n\n\n\n<figure class=\"wp-block-image size-medium\"><img loading=\"lazy\" decoding=\"async\" width=\"300\" height=\"83\" src=\"https:\/\/www.prodat.de\/cms\/wp-content\/uploads\/2024\/03\/logo_institut_fur_leichtbau_kunststofftechnik-300x83.jpg\" alt=\"Partner - ILK TU Dresden (Institut f\u00fcr Leichtbau- und Kunststofftechnik)\" class=\"wp-image-7109\" srcset=\"https:\/\/www.prodat.de\/cms\/wp-content\/uploads\/2024\/03\/logo_institut_fur_leichtbau_kunststofftechnik-300x83.jpg 300w, https:\/\/www.prodat.de\/cms\/wp-content\/uploads\/2024\/03\/logo_institut_fur_leichtbau_kunststofftechnik.jpg 560w\" sizes=\"(max-width: 300px) 100vw, 300px\" \/><\/figure>\n<\/div>\n<\/div>\n\n\n\n<div class=\"wp-block-group has-base-2-background-color has-background has-global-padding is-layout-constrained wp-block-group-is-layout-constrained\" style=\"border-radius:20px;padding-top:var(--wp--preset--spacing--10);padding-right:var(--wp--preset--spacing--10);padding-bottom:var(--wp--preset--spacing--10);padding-left:var(--wp--preset--spacing--10)\">\n<div class=\"wp-block-group is-nowrap is-layout-flex wp-container-core-group-layout-24 wp-block-group-is-layout-flex\">\n<figure class=\"wp-block-image size-medium\"><img loading=\"lazy\" decoding=\"async\" width=\"300\" height=\"120\" src=\"https:\/\/www.prodat.de\/cms\/wp-content\/uploads\/2024\/03\/logo_th_wildau-300x120.png\" alt=\"Partner - TH Wildau (Technische Hochschule Wildau)\" class=\"wp-image-7106\" srcset=\"https:\/\/www.prodat.de\/cms\/wp-content\/uploads\/2024\/03\/logo_th_wildau-300x120.png 300w, https:\/\/www.prodat.de\/cms\/wp-content\/uploads\/2024\/03\/logo_th_wildau-768x306.png 768w, https:\/\/www.prodat.de\/cms\/wp-content\/uploads\/2024\/03\/logo_th_wildau.png 800w\" sizes=\"(max-width: 300px) 100vw, 300px\" \/><\/figure>\n\n\n\n<div class=\"wp-block-group is-vertical is-content-justification-center is-layout-flex wp-container-core-group-layout-23 wp-block-group-is-layout-flex\">\n<p><strong><em>Technische Hochschule Wildau:<\/em><\/strong><br>Kontakterhalt nach Erstkooperation mit Wissenserhalt und Know-How Transfer<\/p>\n\n\n\n<div class=\"wp-block-buttons is-layout-flex wp-block-buttons-is-layout-flex\">\n<div class=\"wp-block-button\"><a class=\"wp-block-button__link has-text-align-center wp-element-button\" href=\"https:\/\/www.th-wildau.de\/\">Technische Hochschule Wildau<\/a><\/div>\n<\/div>\n<\/div>\n<\/div>\n<\/div>\n\n\n\n<div style=\"height:var(--wp--preset--spacing--30)\" aria-hidden=\"true\" class=\"wp-block-spacer\"><\/div>\n<\/div>\n","protected":false},"excerpt":{"rendered":"<p>Das PRODAT Netzwerk &#8211; ausgew\u00e4hlte Partner, Organisationen und Netzwerke PRODAT &#8211; Regionale Vertriebs- und Servicepartner in Aktualisierung PRODAT Kooperationsnetzwerk &#8211; Kompetenzb\u00fcndelung und Arbeitsgemeinschaften Richter Deformationsmesstechnik GmbH: Komplettl\u00f6sungen f\u00fcr die Baumesstechnik &#8220;links und rechts der Geod\u00e4sie&#8221; &#8211; Schwerpunkt Talsperren, Stauanlagen und Geb\u00e4ude. Digalog Industrie-Mikroelektronik GmbH:Elektronik und Hardwaredesign auf h\u00f6chstem, industriellen Niveau. Stephan Meyer:Illustration, Satz und Layout, [&hellip;]<\/p>\n","protected":false},"author":2,"featured_media":0,"parent":11,"menu_order":10,"comment_status":"closed","ping_status":"closed","template":"wp-custom-template-prodat-standard-inhalt","meta":{"footnotes":""},"yoast_head":"<!-- This site is optimized with the Yoast SEO plugin v22.2 - https:\/\/yoast.com\/wordpress\/plugins\/seo\/ -->\n<title>Partner - PRODAT<\/title>\n<meta name=\"description\" content=\"Vertriebs- und Servicepartner, Kooperationen und Netzwerke der PRODAT im \u00dcberblick. Ein Unternehmen im leistungsstarkem Verbund.\" \/>\n<meta name=\"robots\" content=\"index, follow, max-snippet:-1, max-image-preview:large, max-video-preview:-1\" \/>\n<link rel=\"canonical\" href=\"https:\/\/www.prodat.de\/cms\/ueber-die-prodat-allgemeine-informationen-zum-unternehmen\/partner\" \/>\n<meta property=\"og:locale\" content=\"en_US\" \/>\n<meta property=\"og:type\" content=\"article\" \/>\n<meta property=\"og:title\" content=\"Partner - PRODAT\" \/>\n<meta property=\"og:description\" content=\"Vertriebs- und Servicepartner, Kooperationen und Netzwerke der PRODAT im \u00dcberblick. Ein Unternehmen im leistungsstarkem Verbund.\" \/>\n<meta property=\"og:url\" content=\"https:\/\/www.prodat.de\/cms\/ueber-die-prodat-allgemeine-informationen-zum-unternehmen\/partner\" \/>\n<meta property=\"og:site_name\" content=\"PRODAT\" \/>\n<meta property=\"article:modified_time\" content=\"2024-04-09T19:01:05+00:00\" \/>\n<meta property=\"og:image\" content=\"https:\/\/www.prodat.de\/cms\/wp-content\/uploads\/2024\/03\/logo_richter_deformationstechnik.jpg\" \/>\n<meta name=\"twitter:card\" content=\"summary_large_image\" \/>\n<meta name=\"twitter:label1\" content=\"Est. reading time\" \/>\n\t<meta name=\"twitter:data1\" content=\"3 minutes\" \/>\n<script type=\"application\/ld+json\" class=\"yoast-schema-graph\">{\"@context\":\"https:\/\/schema.org\",\"@graph\":[{\"@type\":\"WebPage\",\"@id\":\"https:\/\/www.prodat.de\/cms\/ueber-die-prodat-allgemeine-informationen-zum-unternehmen\/partner\",\"url\":\"https:\/\/www.prodat.de\/cms\/ueber-die-prodat-allgemeine-informationen-zum-unternehmen\/partner\",\"name\":\"Partner - PRODAT\",\"isPartOf\":{\"@id\":\"https:\/\/www.prodat.de\/cms\/#website\"},\"primaryImageOfPage\":{\"@id\":\"https:\/\/www.prodat.de\/cms\/ueber-die-prodat-allgemeine-informationen-zum-unternehmen\/partner#primaryimage\"},\"image\":{\"@id\":\"https:\/\/www.prodat.de\/cms\/ueber-die-prodat-allgemeine-informationen-zum-unternehmen\/partner#primaryimage\"},\"thumbnailUrl\":\"https:\/\/www.prodat.de\/cms\/wp-content\/uploads\/2024\/03\/logo_richter_deformationstechnik.jpg\",\"datePublished\":\"2020-09-16T08:15:50+00:00\",\"dateModified\":\"2024-04-09T19:01:05+00:00\",\"description\":\"Vertriebs- und Servicepartner, Kooperationen und Netzwerke der PRODAT im \u00dcberblick. Ein Unternehmen im leistungsstarkem Verbund.\",\"breadcrumb\":{\"@id\":\"https:\/\/www.prodat.de\/cms\/ueber-die-prodat-allgemeine-informationen-zum-unternehmen\/partner#breadcrumb\"},\"inLanguage\":\"en-US\",\"potentialAction\":[{\"@type\":\"ReadAction\",\"target\":[\"https:\/\/www.prodat.de\/cms\/ueber-die-prodat-allgemeine-informationen-zum-unternehmen\/partner\"]}]},{\"@type\":\"ImageObject\",\"inLanguage\":\"en-US\",\"@id\":\"https:\/\/www.prodat.de\/cms\/ueber-die-prodat-allgemeine-informationen-zum-unternehmen\/partner#primaryimage\",\"url\":\"https:\/\/www.prodat.de\/cms\/wp-content\/uploads\/2024\/03\/logo_richter_deformationstechnik.jpg\",\"contentUrl\":\"https:\/\/www.prodat.de\/cms\/wp-content\/uploads\/2024\/03\/logo_richter_deformationstechnik.jpg\",\"width\":289,\"height\":137,\"caption\":\"Partner Richter - Deformationsmesstechnik\"},{\"@type\":\"BreadcrumbList\",\"@id\":\"https:\/\/www.prodat.de\/cms\/ueber-die-prodat-allgemeine-informationen-zum-unternehmen\/partner#breadcrumb\",\"itemListElement\":[{\"@type\":\"ListItem\",\"position\":1,\"name\":\"www.prodat.de\",\"item\":\"https:\/\/www.prodat.de\/cms\/\"},{\"@type\":\"ListItem\",\"position\":2,\"name\":\"\u00dcber die PRODAT &#8211; Allgemeine Informationen zum Unternehmen\",\"item\":\"https:\/\/www.prodat.de\/cms\/ueber-die-prodat-allgemeine-informationen-zum-unternehmen\"},{\"@type\":\"ListItem\",\"position\":3,\"name\":\"Partner\"}]},{\"@type\":\"WebSite\",\"@id\":\"https:\/\/www.prodat.de\/cms\/#website\",\"url\":\"https:\/\/www.prodat.de\/cms\/\",\"name\":\"PRODAT (CMS)\",\"description\":\"L\u00f6sungen \/ Solutions\",\"publisher\":{\"@id\":\"https:\/\/www.prodat.de\/cms\/#organization\"},\"alternateName\":\"PRODAT Solutions\/L\u00f6sungen - Website\",\"potentialAction\":[{\"@type\":\"SearchAction\",\"target\":{\"@type\":\"EntryPoint\",\"urlTemplate\":\"https:\/\/www.prodat.de\/cms\/?s={search_term_string}\"},\"query-input\":\"required name=search_term_string\"}],\"inLanguage\":\"en-US\"},{\"@type\":\"Organization\",\"@id\":\"https:\/\/www.prodat.de\/cms\/#organization\",\"name\":\"PRODAT\",\"alternateName\":\"PRODAT L\u00f6sungen \/ Solutions\",\"url\":\"https:\/\/www.prodat.de\/cms\/\",\"logo\":{\"@type\":\"ImageObject\",\"inLanguage\":\"en-US\",\"@id\":\"https:\/\/www.prodat.de\/cms\/#\/schema\/logo\/image\/\",\"url\":\"https:\/\/www.prodat.de\/cms\/wp-content\/uploads\/2024\/03\/prodat_logo_h150px.jpg\",\"contentUrl\":\"https:\/\/www.prodat.de\/cms\/wp-content\/uploads\/2024\/03\/prodat_logo_h150px.jpg\",\"width\":560,\"height\":150,\"caption\":\"PRODAT\"},\"image\":{\"@id\":\"https:\/\/www.prodat.de\/cms\/#\/schema\/logo\/image\/\"}}]}<\/script>\n<!-- \/ Yoast SEO plugin. -->","yoast_head_json":{"title":"Partner - PRODAT","description":"Vertriebs- und Servicepartner, Kooperationen und Netzwerke der PRODAT im \u00dcberblick. Ein Unternehmen im leistungsstarkem Verbund.","robots":{"index":"index","follow":"follow","max-snippet":"max-snippet:-1","max-image-preview":"max-image-preview:large","max-video-preview":"max-video-preview:-1"},"canonical":"https:\/\/www.prodat.de\/cms\/ueber-die-prodat-allgemeine-informationen-zum-unternehmen\/partner","og_locale":"en_US","og_type":"article","og_title":"Partner - PRODAT","og_description":"Vertriebs- und Servicepartner, Kooperationen und Netzwerke der PRODAT im \u00dcberblick. Ein Unternehmen im leistungsstarkem Verbund.","og_url":"https:\/\/www.prodat.de\/cms\/ueber-die-prodat-allgemeine-informationen-zum-unternehmen\/partner","og_site_name":"PRODAT","article_modified_time":"2024-04-09T19:01:05+00:00","og_image":[{"url":"https:\/\/www.prodat.de\/cms\/wp-content\/uploads\/2024\/03\/logo_richter_deformationstechnik.jpg"}],"twitter_card":"summary_large_image","twitter_misc":{"Est. reading time":"3 minutes"},"schema":{"@context":"https:\/\/schema.org","@graph":[{"@type":"WebPage","@id":"https:\/\/www.prodat.de\/cms\/ueber-die-prodat-allgemeine-informationen-zum-unternehmen\/partner","url":"https:\/\/www.prodat.de\/cms\/ueber-die-prodat-allgemeine-informationen-zum-unternehmen\/partner","name":"Partner - PRODAT","isPartOf":{"@id":"https:\/\/www.prodat.de\/cms\/#website"},"primaryImageOfPage":{"@id":"https:\/\/www.prodat.de\/cms\/ueber-die-prodat-allgemeine-informationen-zum-unternehmen\/partner#primaryimage"},"image":{"@id":"https:\/\/www.prodat.de\/cms\/ueber-die-prodat-allgemeine-informationen-zum-unternehmen\/partner#primaryimage"},"thumbnailUrl":"https:\/\/www.prodat.de\/cms\/wp-content\/uploads\/2024\/03\/logo_richter_deformationstechnik.jpg","datePublished":"2020-09-16T08:15:50+00:00","dateModified":"2024-04-09T19:01:05+00:00","description":"Vertriebs- und Servicepartner, Kooperationen und Netzwerke der PRODAT im \u00dcberblick. Ein Unternehmen im leistungsstarkem Verbund.","breadcrumb":{"@id":"https:\/\/www.prodat.de\/cms\/ueber-die-prodat-allgemeine-informationen-zum-unternehmen\/partner#breadcrumb"},"inLanguage":"en-US","potentialAction":[{"@type":"ReadAction","target":["https:\/\/www.prodat.de\/cms\/ueber-die-prodat-allgemeine-informationen-zum-unternehmen\/partner"]}]},{"@type":"ImageObject","inLanguage":"en-US","@id":"https:\/\/www.prodat.de\/cms\/ueber-die-prodat-allgemeine-informationen-zum-unternehmen\/partner#primaryimage","url":"https:\/\/www.prodat.de\/cms\/wp-content\/uploads\/2024\/03\/logo_richter_deformationstechnik.jpg","contentUrl":"https:\/\/www.prodat.de\/cms\/wp-content\/uploads\/2024\/03\/logo_richter_deformationstechnik.jpg","width":289,"height":137,"caption":"Partner Richter - Deformationsmesstechnik"},{"@type":"BreadcrumbList","@id":"https:\/\/www.prodat.de\/cms\/ueber-die-prodat-allgemeine-informationen-zum-unternehmen\/partner#breadcrumb","itemListElement":[{"@type":"ListItem","position":1,"name":"www.prodat.de","item":"https:\/\/www.prodat.de\/cms\/"},{"@type":"ListItem","position":2,"name":"\u00dcber die PRODAT &#8211; Allgemeine Informationen zum Unternehmen","item":"https:\/\/www.prodat.de\/cms\/ueber-die-prodat-allgemeine-informationen-zum-unternehmen"},{"@type":"ListItem","position":3,"name":"Partner"}]},{"@type":"WebSite","@id":"https:\/\/www.prodat.de\/cms\/#website","url":"https:\/\/www.prodat.de\/cms\/","name":"PRODAT (CMS)","description":"L\u00f6sungen \/ Solutions","publisher":{"@id":"https:\/\/www.prodat.de\/cms\/#organization"},"alternateName":"PRODAT Solutions\/L\u00f6sungen - Website","potentialAction":[{"@type":"SearchAction","target":{"@type":"EntryPoint","urlTemplate":"https:\/\/www.prodat.de\/cms\/?s={search_term_string}"},"query-input":"required name=search_term_string"}],"inLanguage":"en-US"},{"@type":"Organization","@id":"https:\/\/www.prodat.de\/cms\/#organization","name":"PRODAT","alternateName":"PRODAT L\u00f6sungen \/ Solutions","url":"https:\/\/www.prodat.de\/cms\/","logo":{"@type":"ImageObject","inLanguage":"en-US","@id":"https:\/\/www.prodat.de\/cms\/#\/schema\/logo\/image\/","url":"https:\/\/www.prodat.de\/cms\/wp-content\/uploads\/2024\/03\/prodat_logo_h150px.jpg","contentUrl":"https:\/\/www.prodat.de\/cms\/wp-content\/uploads\/2024\/03\/prodat_logo_h150px.jpg","width":560,"height":150,"caption":"PRODAT"},"image":{"@id":"https:\/\/www.prodat.de\/cms\/#\/schema\/logo\/image\/"}}]}},"_links":{"self":[{"href":"https:\/\/www.prodat.de\/cms\/wp-json\/wp\/v2\/pages\/1684"}],"collection":[{"href":"https:\/\/www.prodat.de\/cms\/wp-json\/wp\/v2\/pages"}],"about":[{"href":"https:\/\/www.prodat.de\/cms\/wp-json\/wp\/v2\/types\/page"}],"author":[{"embeddable":true,"href":"https:\/\/www.prodat.de\/cms\/wp-json\/wp\/v2\/users\/2"}],"replies":[{"embeddable":true,"href":"https:\/\/www.prodat.de\/cms\/wp-json\/wp\/v2\/comments?post=1684"}],"version-history":[{"count":49,"href":"https:\/\/www.prodat.de\/cms\/wp-json\/wp\/v2\/pages\/1684\/revisions"}],"predecessor-version":[{"id":7278,"href":"https:\/\/www.prodat.de\/cms\/wp-json\/wp\/v2\/pages\/1684\/revisions\/7278"}],"up":[{"embeddable":true,"href":"https:\/\/www.prodat.de\/cms\/wp-json\/wp\/v2\/pages\/11"}],"wp:attachment":[{"href":"https:\/\/www.prodat.de\/cms\/wp-json\/wp\/v2\/media?parent=1684"}],"curies":[{"name":"wp","href":"https:\/\/api.w.org\/{rel}","templated":true}]}}